{"id":598,"date":"2025-06-25T11:47:50","date_gmt":"2025-06-25T09:47:50","guid":{"rendered":"https:\/\/info-to-go.binational-leipzig.de\/?page_id=598"},"modified":"2025-06-25T11:47:51","modified_gmt":"2025-06-25T09:47:51","slug":"barrierefreiheitserklaerung","status":"publish","type":"page","link":"https:\/\/info-to-go.binational-leipzig.de\/hu\/barrierefreiheitserklaerung\/","title":{"rendered":"Akad\u00e1lymentes\u00edt\u00e9si nyilatkozat"},"content":{"rendered":"<h3 class=\"wp-block-heading\">Akad\u00e1lymentes\u00edt\u00e9si nyilatkozat<\/h3>\n\n\n\n<p><strong>K\u00e9tnemzetis\u00e9g\u0171 Csal\u00e1dok \u00e9s Partners\u00e9gek Sz\u00f6vets\u00e9ge, iaf eV, lipcsei iroda \u00e9s tan\u00e1csad\u00f3 iroda<\/strong>&nbsp;arra t\u00f6rekszik, hogy weboldala a hozz\u00e1f\u00e9rhet\u0151s\u00e9gre vonatkoz\u00f3 jogszab\u00e1lyi k\u00f6vetelm\u00e9nyeknek megfelel\u0151en haszn\u00e1lhat\u00f3 legyen. Ez az akad\u00e1lymentes\u00edt\u00e9si nyilatkozat a weboldalra vonatkozik.&nbsp;<a href=\"https:\/\/binational-leipzig.de\/\"><strong>binational-leipzig.de<\/strong><\/a><\/p>\n\n\n\n<hr class=\"wp-block-separator has-alpha-channel-opacity\"\/>\n\n\n\n<h3 class=\"wp-block-heading\"><strong>A k\u00f6vetelm\u00e9nyeknek val\u00f3 megfelel\u00e9s \u00e1llapota<\/strong><\/h3>\n\n\n\n<p>Ez a weboldal&nbsp;<strong>r\u00e9szben<\/strong>&nbsp;a k\u00f6vetkez\u0151 k\u00f6vetelm\u00e9nyekkel&nbsp;<strong>Az akad\u00e1lymentes inform\u00e1ci\u00f3technol\u00f3gi\u00e1r\u00f3l sz\u00f3l\u00f3 rendelet (BITV 2.0) \u00e9s az EU 2016\/2102 ir\u00e1nyelve<\/strong>&nbsp;Folyamatosan azon dolgozunk, hogy cs\u00f6kkents\u00fck a megl\u00e9v\u0151 akad\u00e1lyokat \u00e9s jav\u00edtsuk a felhaszn\u00e1l\u00f3bar\u00e1t fel\u00fcletet mindenki sz\u00e1m\u00e1ra.<\/p>\n\n\n\n<hr class=\"wp-block-separator has-alpha-channel-opacity\"\/>\n\n\n\n<h3 class=\"wp-block-heading\"><strong>Nem akad\u00e1lymentes tartalom<\/strong><\/h3>\n\n\n\n<p>Er\u0151fesz\u00edt\u00e9seink ellen\u00e9re vannak olyan ter\u00fcletek, amelyek nem teljesen akad\u00e1lymentes\u00edtettek:<\/p>\n\n\n\n<ul class=\"wp-block-list\">\n<li><strong>PDF-dokumentumok<\/strong>N\u00e9h\u00e1ny r\u00e9gebbi PDF f\u00e1jl nincs akad\u00e1lymentes\u00edtett form\u00e1tumban form\u00e1zva.<\/li>\n\n\n\n<li><strong>Alternat\u00edv sz\u00f6vegek<\/strong>El\u0151fordulhat, hogy egyes k\u00e9pek vagy grafikus elemek nem tartalmaznak elegend\u0151 helyettes\u00edt\u0151 sz\u00f6veget.<\/li>\n\n\n\n<li><strong>Navig\u00e1ci\u00f3 \u00e9s haszn\u00e1lhat\u00f3s\u00e1g<\/strong>Az egyes interakt\u00edv elemek nem felt\u00e9tlen\u00fcl vez\u00e9relhet\u0151k teljes m\u00e9rt\u00e9kben billenty\u0171zettel.<\/li>\n\n\n\n<li><strong>Vide\u00f3k<\/strong>N\u00e9h\u00e1ny be\u00e1gyazott vide\u00f3hoz nincsenek feliratok vagy hangos le\u00edr\u00e1sok.<\/li>\n<\/ul>\n\n\n\n<p>Azon dolgozunk, hogy fokozatosan kijav\u00edtsuk ezeket a hi\u00e1nyoss\u00e1gokat.<\/p>\n\n\n\n<hr class=\"wp-block-separator has-alpha-channel-opacity\"\/>\n\n\n\n<h3 class=\"wp-block-heading\"><strong>A nyilatkozat elk\u00e9sz\u00edt\u00e9se<\/strong><\/h3>\n\n\n\n<p>Ez a nyilatkozat a k\u00f6vetkez\u0151 napon sz\u00fcletett:&nbsp;<strong>10.01.2025<\/strong>&nbsp;l\u00e9trehozva \u00e9s utolj\u00e1ra friss\u00edtve:&nbsp;<strong>19.02.2025<\/strong>&nbsp;ellen\u0151rizve.<br><br>A weboldalt egy&nbsp;<strong>bels\u0151 \u00f6n\u00e9rt\u00e9kel\u00e9s<\/strong>&nbsp;valamint automatiz\u00e1lt tesztek haszn\u00e1lat\u00e1val.<\/p>\n\n\n\n<hr class=\"wp-block-separator has-alpha-channel-opacity\"\/>\n\n\n\n<h3 class=\"wp-block-heading\"><strong>Visszajelz\u00e9s \u00e9s el\u00e9rhet\u0151s\u00e9gek<\/strong><\/h3>\n\n\n\n<p>Ha b\u00e1rmilyen akad\u00e1lyba \u00fctk\u00f6zik weboldalunkon, vagy fejleszt\u00e9si javaslata van, k\u00e9rj\u00fck, vegye fel vel\u00fcnk a kapcsolatot:<\/p>\n\n\n\n<p>K\u00e9tnemzetis\u00e9g\u0171 Csal\u00e1dok \u00e9s Partners\u00e9gek Sz\u00f6vets\u00e9ge, iaf eV<br>Lipcsei \u00dczleti \u00e9s Tan\u00e1csad\u00f3 Iroda<br><br><a href=\"https:\/\/www.google.com\/maps\/place\/Verband+binationaler+Familien+u.+Partnerschaften+e.V.\/@51.3232198,12.3793402,18.79z\/data=!4m5!3m4!1s0x0:0x280bc9ed9b02c389!8m2!3d51.3232449!4d12.3798815\" target=\"_blank\" rel=\"noreferrer noopener\">Arndtstrasse 63<br>04275 Lipcse<\/a><br><br>Telefon: 0341-6 88 00 22<br>Email:&nbsp;<a href=\"http:\/\/leipzig@verband-binationaler-de\/\" rel=\"noreferrer noopener\" target=\"_blank\">leipzig@verband-binationaler-de<\/a><\/p>\n\n\n\n<hr class=\"wp-block-separator has-alpha-channel-opacity\"\/>\n\n\n\n<h3 class=\"wp-block-heading\"><strong>V\u00e9grehajt\u00e1si elj\u00e1r\u00e1s<\/strong><\/h3>\n\n\n\n<p>Ha weboldalunk akad\u00e1lymentes\u00edt\u00e9s\u00e9vel kapcsolatos k\u00e9rd\u00e9s\u00e9re nem kap kiel\u00e9g\u00edt\u0151 v\u00e1laszt, felveheti a kapcsolatot a&nbsp;<strong>V\u00e9grehajt\u00f3 szerv&nbsp;<\/strong>megfordul:<\/p>\n\n\n\n<p><strong>Sz\u00e1szorsz\u00e1gi Digit\u00e1lis Akad\u00e1lymentes\u00edt\u00e9s Ellen\u0151rz\u0151 Test\u00fclete<\/strong><br>Sz\u00e1szorsz\u00e1gi Szoci\u00e1lis \u00dcgyek \u00e9s T\u00e1rsadalmi Koh\u00e9zi\u00f3 Miniszt\u00e9riuma<br>Email:&nbsp;<a href=\"mailto:durchsetzungsstelle@sk.sachsen.de\">durchsetzungsstelle@sk.sachsen.de<\/a><br>Web:&nbsp;<a href=\"https:\/\/www.durchsetzungsstelle.sachsen.de\/\" rel=\"noreferrer noopener\" target=\"_blank\">www.durchsetzungsstelle.sachsen.de<\/a><\/p>\n\n\n\n<hr class=\"wp-block-separator has-alpha-channel-opacity\"\/>\n\n\n\n<p>Folyamatosan azon dolgozunk, hogy digit\u00e1lis jelenl\u00e9t\u00fcnket mindenki sz\u00e1m\u00e1ra el\u00e9rhet\u0151bb\u00e9 tegy\u00fck, \u00e9s k\u00f6sz\u00f6nj\u00fck a visszajelz\u00e9st!<\/p>\n<div class=\"gsp_post_data\" \r\n\t            data-post_type=\"page\" \r\n\t            data-cat=\"\" \r\n\t            data-modified=\"120\"\r\n\t            data-created=\"1750852070\"\r\n\t            data-title=\"Barrierefreiheitserkl\u00e4rung\" \r\n\t            data-home=\"https:\/\/info-to-go.binational-leipzig.de\/hu\"><\/div>","protected":false},"excerpt":{"rendered":"<p>Erkl\u00e4rung zur Barrierefreiheit Verband binationaler Familien und Partnerschaften, iaf e.V. Gesch\u00e4fts- und Beratungsstelle Leipzig&nbsp;ist bestrebt, ihre Website in \u00dcbereinstimmung mit den gesetzlichen Vorgaben zur Barrierefreiheit nutzbar zu machen. Diese Erkl\u00e4rung zur Barrierefreiheit gilt f\u00fcr die Website&nbsp;binational-leipzig.de Stand der Vereinbarkeit mit den Anforderungen Diese Website ist&nbsp;teilweise&nbsp;mit den Anforderungen der&nbsp;Barrierefreie-Informationstechnik-Verordnung (BITV 2.0) sowie der EU-Richtlinie 2016\/2102&nbsp;vereinbar. Wir [&hellip;]<\/p>\n","protected":false},"author":2,"featured_media":0,"parent":0,"menu_order":0,"comment_status":"closed","ping_status":"closed","template":"","meta":{"footnotes":""},"categories":[],"tags":[],"class_list":["post-598","page","type-page","status-publish","hentry"],"_links":{"self":[{"href":"https:\/\/info-to-go.binational-leipzig.de\/hu\/wp-json\/wp\/v2\/pages\/598","targetHints":{"allow":["GET"]}}],"collection":[{"href":"https:\/\/info-to-go.binational-leipzig.de\/hu\/wp-json\/wp\/v2\/pages"}],"about":[{"href":"https:\/\/info-to-go.binational-leipzig.de\/hu\/wp-json\/wp\/v2\/types\/page"}],"author":[{"embeddable":true,"href":"https:\/\/info-to-go.binational-leipzig.de\/hu\/wp-json\/wp\/v2\/users\/2"}],"replies":[{"embeddable":true,"href":"https:\/\/info-to-go.binational-leipzig.de\/hu\/wp-json\/wp\/v2\/comments?post=598"}],"version-history":[{"count":1,"href":"https:\/\/info-to-go.binational-leipzig.de\/hu\/wp-json\/wp\/v2\/pages\/598\/revisions"}],"predecessor-version":[{"id":599,"href":"https:\/\/info-to-go.binational-leipzig.de\/hu\/wp-json\/wp\/v2\/pages\/598\/revisions\/599"}],"wp:attachment":[{"href":"https:\/\/info-to-go.binational-leipzig.de\/hu\/wp-json\/wp\/v2\/media?parent=598"}],"wp:term":[{"taxonomy":"category","embeddable":true,"href":"https:\/\/info-to-go.binational-leipzig.de\/hu\/wp-json\/wp\/v2\/categories?post=598"},{"taxonomy":"post_tag","embeddable":true,"href":"https:\/\/info-to-go.binational-leipzig.de\/hu\/wp-json\/wp\/v2\/tags?post=598"}],"curies":[{"name":"wp","href":"https:\/\/api.w.org\/{rel}","templated":true}]}}

Akadálymentesítési nyilatkozat

<h3 class="wp-block-heading">Akadálymentesítési nyilatkozat</h3>



<p><strong>Kétnemzetiségű Családok és Partnerségek Szövetsége, iaf eV, lipcsei iroda és tanácsadó iroda</strong>&nbsp;arra törekszik, hogy weboldala a hozzáférhetőségre vonatkozó jogszabályi követelményeknek megfelelően használható legyen. Ez az akadálymentesítési nyilatkozat a weboldalra vonatkozik.&nbsp;<a href="https://binational-leipzig.de/"><strong>binational-leipzig.de</strong></a></p>



<hr class="wp-block-separator has-alpha-channel-opacity"/>



<h3 class="wp-block-heading"><strong>A követelményeknek való megfelelés állapota</strong></h3>



<p>Ez a weboldal&nbsp;<strong>részben</strong>&nbsp;a következő követelményekkel&nbsp;<strong>Az akadálymentes információtechnológiáról szóló rendelet (BITV 2.0) és az EU 2016/2102 irányelve</strong>&nbsp;Folyamatosan azon dolgozunk, hogy csökkentsük a meglévő akadályokat és javítsuk a felhasználóbarát felületet mindenki számára.</p>



<hr class="wp-block-separator has-alpha-channel-opacity"/>



<h3 class="wp-block-heading"><strong>Nem akadálymentes tartalom</strong></h3>



<p>Erőfeszítéseink ellenére vannak olyan területek, amelyek nem teljesen akadálymentesítettek:</p>



<ul class="wp-block-list">
<li><strong>PDF-dokumentumok</strong>Néhány régebbi PDF fájl nincs akadálymentesített formátumban formázva.</li>



<li><strong>Alternatív szövegek</strong>Előfordulhat, hogy egyes képek vagy grafikus elemek nem tartalmaznak elegendő helyettesítő szöveget.</li>



<li><strong>Navigáció és használhatóság</strong>Az egyes interaktív elemek nem feltétlenül vezérelhetők teljes mértékben billentyűzettel.</li>



<li><strong>Videók</strong>Néhány beágyazott videóhoz nincsenek feliratok vagy hangos leírások.</li>
</ul>



<p>Azon dolgozunk, hogy fokozatosan kijavítsuk ezeket a hiányosságokat.</p>



<hr class="wp-block-separator has-alpha-channel-opacity"/>



<h3 class="wp-block-heading"><strong>A nyilatkozat elkészítése</strong></h3>



<p>Ez a nyilatkozat a következő napon született:&nbsp;<strong>10.01.2025</strong>&nbsp;létrehozva és utoljára frissítve:&nbsp;<strong>19.02.2025</strong>&nbsp;ellenőrizve.<br><br>A weboldalt egy&nbsp;<strong>belső önértékelés</strong>&nbsp;valamint automatizált tesztek használatával.</p>



<hr class="wp-block-separator has-alpha-channel-opacity"/>



<h3 class="wp-block-heading"><strong>Visszajelzés és elérhetőségek</strong></h3>



<p>Ha bármilyen akadályba ütközik weboldalunkon, vagy fejlesztési javaslata van, kérjük, vegye fel velünk a kapcsolatot:</p>



<p>Kétnemzetiségű Családok és Partnerségek Szövetsége, iaf eV<br>Lipcsei Üzleti és Tanácsadó Iroda<br><br><a href="https://www.google.com/maps/place/Verband+binationaler+Familien+u.+Partnerschaften+e.V./@51.3232198,12.3793402,18.79z/data=!4m5!3m4!1s0x0:0x280bc9ed9b02c389!8m2!3d51.3232449!4d12.3798815" target="_blank" rel="noreferrer noopener">Arndtstrasse 63<br>04275 Lipcse</a><br><br>Telefon: 0341-6 88 00 22<br>Email:&nbsp;<a href="http://leipzig@verband-binationaler-de/" rel="noreferrer noopener" target="_blank">leipzig@verband-binationaler-de</a></p>



<hr class="wp-block-separator has-alpha-channel-opacity"/>



<h3 class="wp-block-heading"><strong>Végrehajtási eljárás</strong></h3>



<p>Ha weboldalunk akadálymentesítésével kapcsolatos kérdésére nem kap kielégítő választ, felveheti a kapcsolatot a&nbsp;<strong>Végrehajtó szerv&nbsp;</strong>megfordul:</p>



<p><strong>Szászországi Digitális Akadálymentesítés Ellenőrző Testülete</strong><br>Szászországi Szociális Ügyek és Társadalmi Kohézió Minisztériuma<br>Email:&nbsp;<a href="mailto:durchsetzungsstelle@sk.sachsen.de">durchsetzungsstelle@sk.sachsen.de</a><br>Web:&nbsp;<a href="https://www.durchsetzungsstelle.sachsen.de/" rel="noreferrer noopener" target="_blank">www.durchsetzungsstelle.sachsen.de</a></p>



<hr class="wp-block-separator has-alpha-channel-opacity"/>



<p>Folyamatosan azon dolgozunk, hogy digitális jelenlétünket mindenki számára elérhetőbbé tegyük, és köszönjük a visszajelzést!</p>
<div class="gsp_post_data" 
	            data-post_type="page" 
	            data-cat="" 
	            data-modified="120"
	            data-created="1750852070"
	            data-title="Barrierefreiheitserklärung" 
	            data-home="https://info-to-go.binational-leipzig.de/hu"></div>

<p>Erklärung zur Barrierefreiheit Verband binationaler Familien und Partnerschaften, iaf e.V. Geschäfts- und Beratungsstelle Leipzig&nbsp;ist bestrebt, ihre Website in Übereinstimmung mit den gesetzlichen Vorgaben zur Barrierefreiheit nutzbar zu machen. Diese Erklärung zur Barrierefreiheit gilt für die Website&nbsp;binational-leipzig.de Stand der Vereinbarkeit mit den Anforderungen Diese Website ist&nbsp;teilweise&nbsp;mit den Anforderungen der&nbsp;Barrierefreie-Informationstechnik-Verordnung (BITV 2.0) sowie der EU-Richtlinie 2016/2102&nbsp;vereinbar. Wir [&hellip;]</p>
