{"id":598,"date":"2025-06-25T11:47:50","date_gmt":"2025-06-25T09:47:50","guid":{"rendered":"https:\/\/info-to-go.binational-leipzig.de\/?page_id=598"},"modified":"2025-06-25T11:47:51","modified_gmt":"2025-06-25T09:47:51","slug":"barrierefreiheitserklaerung","status":"publish","type":"page","link":"https:\/\/info-to-go.binational-leipzig.de\/ku\/barrierefreiheitserklaerung\/","title":{"rendered":"Daxuyaniya gih\u00ee\u015ftin\u00ea"},"content":{"rendered":"<h3 class=\"wp-block-heading\">Daxuyaniya Gih\u00ee\u015ftin\u00ea<\/h3>\n\n\n\n<p><strong>Komeleya Malbat \u00fb Hevkariy\u00ean Dunetewey\u00ee, iaf eV, Of\u00ees \u00fb Of\u00eesa \u015e\u00eawirmendiy\u00ea ya Leipzig<\/strong>&nbsp;hewl dide ku malpera xwe li gor\u00ee p\u00eadiviy\u00ean qan\u00fbn\u00ee y\u00ean derbar\u00ea gih\u00ee\u015ftin\u00ea de bik\u00earhat\u00ee bike. Ev daxuyaniya gih\u00ee\u015ftin\u00ea ji bo malper\u00ea derbas dibe.&nbsp;<a href=\"https:\/\/binational-leipzig.de\/\"><strong>binational-leipzig.de<\/strong><\/a><\/p>\n\n\n\n<hr class=\"wp-block-separator has-alpha-channel-opacity\"\/>\n\n\n\n<h3 class=\"wp-block-heading\"><strong>Rew\u015fa lihevhatin\u00ea bi p\u00eadiviyan re<\/strong><\/h3>\n\n\n\n<p>Ev malper e&nbsp;<strong>qism\u00ee<\/strong>&nbsp;bi p\u00eadiviy\u00ean&nbsp;<strong>Qan\u00fbna Teknolojiya Agahdariy\u00ea ya B\u00ea Asteng (BITV 2.0) \u00fb Direkt\u00eefa YE 2016\/2102<\/strong>&nbsp;Em bi berdewam\u00ee dixebitin da ku astengiy\u00ean hey\u00ee k\u00eam bikin \u00fb h\u00easaniya bikarh\u00eaner-dostane ji bo her kes\u00ee ba\u015ftir bikin.<\/p>\n\n\n\n<hr class=\"wp-block-separator has-alpha-channel-opacity\"\/>\n\n\n\n<h3 class=\"wp-block-heading\"><strong>Naveroka negih\u00ee\u015ft\u00ee<\/strong><\/h3>\n\n\n\n<p>Tev\u00ee hewildan\u00ean me, hin dever hene ku bi tevah\u00ee negih\u00ee\u015ft\u00ee ne:<\/p>\n\n\n\n<ul class=\"wp-block-list\">\n<li><strong>Belgey\u00ean PDF<\/strong>Hin pel\u00ean PDF-\u00ea y\u00ean kevin bi awayek\u00ee gih\u00ee\u015ft\u00ee nehatine formatkirin.<\/li>\n\n\n\n<li><strong>Niv\u00ees\u00ean alternat\u00eef<\/strong>Dibe ku hin w\u00eane an h\u00eaman\u00ean graf\u00eek\u00ee t\u00eara xwe niv\u00eesa alternat\u00eef t\u00ea de nebin.<\/li>\n\n\n\n<li><strong>Nav\u00eegasyon \u00fb bik\u00earhat\u00eeb\u00fbn<\/strong>Dibe ku h\u00eaman\u00ean \u00eenterakt\u00eef \u00ean takekes\u00ee bi tevah\u00ee bi klavyey\u00ea ney\u00ean kontrol kirin.<\/li>\n\n\n\n<li><strong>V\u00eedyo<\/strong>: Hin v\u00eedyoy\u00ean \u00e7and\u00ee j\u00earniv\u00ees an danas\u00een\u00ean deng\u00ee n\u00eenin.<\/li>\n<\/ul>\n\n\n\n<p>Em hewl didin ku gav bi gav van k\u00eamasiyan sererast bikin.<\/p>\n\n\n\n<hr class=\"wp-block-separator has-alpha-channel-opacity\"\/>\n\n\n\n<h3 class=\"wp-block-heading\"><strong>Amadekirina v\u00ea daxuyaniy\u00ea<\/strong><\/h3>\n\n\n\n<p>Ev daxuyan\u00ee di roja&nbsp;<strong>10.01.2025<\/strong>&nbsp;hatiye afirandin \u00fb her\u00ee daw\u00ee di roja&nbsp;<strong>19.02.2025<\/strong>&nbsp;kontrol kirin.<br><br>Malper ji h\u00eala ajans\u00ea ve hate nirxandin&nbsp;<strong>nirxandina xwe ya navxwey\u00ee<\/strong>&nbsp;her weha bi karan\u00eena test\u00ean otomat\u00eek.<\/p>\n\n\n\n<hr class=\"wp-block-separator has-alpha-channel-opacity\"\/>\n\n\n\n<h3 class=\"wp-block-heading\"><strong>Agahiy\u00ean bersiv \u00fb t\u00eakiliy\u00ea<\/strong><\/h3>\n\n\n\n<p>Heke h\u00fbn li ser malpera me rast\u00ee astengiyan werin an j\u00ee p\u00ea\u015fniyar\u00ean we ji bo ba\u015fkirin\u00ea hebin, ji kerema xwe bi me re t\u00eakil\u00ee daynin:<\/p>\n\n\n\n<p>Komeleya Malbat \u00fb Hevpariy\u00ean Dunetewey\u00ee, iaf eV<br>Niv\u00eesgeha Karsaz\u00ee \u00fb \u015e\u00eawirmendiy\u00ea ya Leipzig<br><br><a href=\"https:\/\/www.google.com\/maps\/place\/Verband+binationaler+Familien+u.+Partnerschaften+e.V.\/@51.3232198,12.3793402,18.79z\/data=!4m5!3m4!1s0x0:0x280bc9ed9b02c389!8m2!3d51.3232449!4d12.3798815\" target=\"_blank\" rel=\"noreferrer noopener\">Arndtstrasse 63<br>04275 Leipzig<\/a><br><br>Telefon: 0341-6 88 00 22<br>E-name:&nbsp;<a href=\"http:\/\/leipzig@verband-binationaler-de\/\" rel=\"noreferrer noopener\" target=\"_blank\">leipzig@verband-binationaler-de<\/a><\/p>\n\n\n\n<hr class=\"wp-block-separator has-alpha-channel-opacity\"\/>\n\n\n\n<h3 class=\"wp-block-heading\"><strong>Prosed\u00fbr\u00ean bic\u00eehan\u00een\u00ea<\/strong><\/h3>\n\n\n\n<p>Eger pirsa we ya di derbar\u00ea gih\u00ee\u015ftina malpera me de bi awayek\u00ee t\u00earker ney\u00ea bersivandin, h\u00fbn dikarin bi&nbsp;<strong>Dezgeha Bic\u00eehan\u00een\u00ea&nbsp;<\/strong>dor l\u00eadan:<\/p>\n\n\n\n<p><strong>Navenda \u00c7avd\u00eariya Saksonyay\u00ea ji bo Gih\u00ee\u015ftina D\u00eej\u00eetal<\/strong><br>Wezareta Kar\u00fbbar\u00ean Civak\u00ee \u00fb Yekgirtina Civak\u00ee ya Dewleta Sakson\u00ea<br>E-name:&nbsp;<a href=\"mailto:durchsetzungsstelle@sk.sachsen.de\">durchsetzungsstelle@sk.sachsen.de<\/a><br>Tevn:&nbsp;<a href=\"https:\/\/www.durchsetzungsstelle.sachsen.de\/\" rel=\"noreferrer noopener\" target=\"_blank\">www.durchsetzungsstelle.sachsen.de<\/a><\/p>\n\n\n\n<hr class=\"wp-block-separator has-alpha-channel-opacity\"\/>\n\n\n\n<p>Em bi berdewam\u00ee hewl didin ku heb\u00fbna xwe ya d\u00eej\u00eetal ji her kes\u00ee re bigih\u00eenin \u00fb ji bo bersiv\u00ean we spas dikin!<\/p>\n<div class=\"gsp_post_data\" \r\n\t            data-post_type=\"page\" \r\n\t            data-cat=\"\" \r\n\t            data-modified=\"120\"\r\n\t            data-created=\"1750852070\"\r\n\t            data-title=\"Barrierefreiheitserkl\u00e4rung\" \r\n\t            data-home=\"https:\/\/info-to-go.binational-leipzig.de\/ku\"><\/div>","protected":false},"excerpt":{"rendered":"<p>Erkl\u00e4rung zur Barrierefreiheit Verband binationaler Familien und Partnerschaften, iaf e.V. Gesch\u00e4fts- und Beratungsstelle Leipzig&nbsp;ist bestrebt, ihre Website in \u00dcbereinstimmung mit den gesetzlichen Vorgaben zur Barrierefreiheit nutzbar zu machen. Diese Erkl\u00e4rung zur Barrierefreiheit gilt f\u00fcr die Website&nbsp;binational-leipzig.de Stand der Vereinbarkeit mit den Anforderungen Diese Website ist&nbsp;teilweise&nbsp;mit den Anforderungen der&nbsp;Barrierefreie-Informationstechnik-Verordnung (BITV 2.0) sowie der EU-Richtlinie 2016\/2102&nbsp;vereinbar. Wir [&hellip;]<\/p>\n","protected":false},"author":2,"featured_media":0,"parent":0,"menu_order":0,"comment_status":"closed","ping_status":"closed","template":"","meta":{"footnotes":""},"categories":[],"tags":[],"class_list":["post-598","page","type-page","status-publish","hentry"],"_links":{"self":[{"href":"https:\/\/info-to-go.binational-leipzig.de\/ku\/wp-json\/wp\/v2\/pages\/598","targetHints":{"allow":["GET"]}}],"collection":[{"href":"https:\/\/info-to-go.binational-leipzig.de\/ku\/wp-json\/wp\/v2\/pages"}],"about":[{"href":"https:\/\/info-to-go.binational-leipzig.de\/ku\/wp-json\/wp\/v2\/types\/page"}],"author":[{"embeddable":true,"href":"https:\/\/info-to-go.binational-leipzig.de\/ku\/wp-json\/wp\/v2\/users\/2"}],"replies":[{"embeddable":true,"href":"https:\/\/info-to-go.binational-leipzig.de\/ku\/wp-json\/wp\/v2\/comments?post=598"}],"version-history":[{"count":1,"href":"https:\/\/info-to-go.binational-leipzig.de\/ku\/wp-json\/wp\/v2\/pages\/598\/revisions"}],"predecessor-version":[{"id":599,"href":"https:\/\/info-to-go.binational-leipzig.de\/ku\/wp-json\/wp\/v2\/pages\/598\/revisions\/599"}],"wp:attachment":[{"href":"https:\/\/info-to-go.binational-leipzig.de\/ku\/wp-json\/wp\/v2\/media?parent=598"}],"wp:term":[{"taxonomy":"category","embeddable":true,"href":"https:\/\/info-to-go.binational-leipzig.de\/ku\/wp-json\/wp\/v2\/categories?post=598"},{"taxonomy":"post_tag","embeddable":true,"href":"https:\/\/info-to-go.binational-leipzig.de\/ku\/wp-json\/wp\/v2\/tags?post=598"}],"curies":[{"name":"wp","href":"https:\/\/api.w.org\/{rel}","templated":true}]}}

Daxuyaniya gihîştinê

<h3 class="wp-block-heading">Daxuyaniya Gihîştinê</h3>



<p><strong>Komeleya Malbat û Hevkariyên Duneteweyî, iaf eV, Ofîs û Ofîsa Şêwirmendiyê ya Leipzig</strong>&nbsp;hewl dide ku malpera xwe li gorî pêdiviyên qanûnî yên derbarê gihîştinê de bikêrhatî bike. Ev daxuyaniya gihîştinê ji bo malperê derbas dibe.&nbsp;<a href="https://binational-leipzig.de/"><strong>binational-leipzig.de</strong></a></p>



<hr class="wp-block-separator has-alpha-channel-opacity"/>



<h3 class="wp-block-heading"><strong>Rewşa lihevhatinê bi pêdiviyan re</strong></h3>



<p>Ev malper e&nbsp;<strong>qismî</strong>&nbsp;bi pêdiviyên&nbsp;<strong>Qanûna Teknolojiya Agahdariyê ya Bê Asteng (BITV 2.0) û Direktîfa YE 2016/2102</strong>&nbsp;Em bi berdewamî dixebitin da ku astengiyên heyî kêm bikin û hêsaniya bikarhêner-dostane ji bo her kesî baştir bikin.</p>



<hr class="wp-block-separator has-alpha-channel-opacity"/>



<h3 class="wp-block-heading"><strong>Naveroka negihîştî</strong></h3>



<p>Tevî hewildanên me, hin dever hene ku bi tevahî negihîştî ne:</p>



<ul class="wp-block-list">
<li><strong>Belgeyên PDF</strong>Hin pelên PDF-ê yên kevin bi awayekî gihîştî nehatine formatkirin.</li>



<li><strong>Nivîsên alternatîf</strong>Dibe ku hin wêne an hêmanên grafîkî têra xwe nivîsa alternatîf tê de nebin.</li>



<li><strong>Navîgasyon û bikêrhatîbûn</strong>Dibe ku hêmanên înteraktîf ên takekesî bi tevahî bi klavyeyê neyên kontrol kirin.</li>



<li><strong>Vîdyo</strong>: Hin vîdyoyên çandî jêrnivîs an danasînên dengî nînin.</li>
</ul>



<p>Em hewl didin ku gav bi gav van kêmasiyan sererast bikin.</p>



<hr class="wp-block-separator has-alpha-channel-opacity"/>



<h3 class="wp-block-heading"><strong>Amadekirina vê daxuyaniyê</strong></h3>



<p>Ev daxuyanî di roja&nbsp;<strong>10.01.2025</strong>&nbsp;hatiye afirandin û herî dawî di roja&nbsp;<strong>19.02.2025</strong>&nbsp;kontrol kirin.<br><br>Malper ji hêla ajansê ve hate nirxandin&nbsp;<strong>nirxandina xwe ya navxweyî</strong>&nbsp;her weha bi karanîna testên otomatîk.</p>



<hr class="wp-block-separator has-alpha-channel-opacity"/>



<h3 class="wp-block-heading"><strong>Agahiyên bersiv û têkiliyê</strong></h3>



<p>Heke hûn li ser malpera me rastî astengiyan werin an jî pêşniyarên we ji bo başkirinê hebin, ji kerema xwe bi me re têkilî daynin:</p>



<p>Komeleya Malbat û Hevpariyên Duneteweyî, iaf eV<br>Nivîsgeha Karsazî û Şêwirmendiyê ya Leipzig<br><br><a href="https://www.google.com/maps/place/Verband+binationaler+Familien+u.+Partnerschaften+e.V./@51.3232198,12.3793402,18.79z/data=!4m5!3m4!1s0x0:0x280bc9ed9b02c389!8m2!3d51.3232449!4d12.3798815" target="_blank" rel="noreferrer noopener">Arndtstrasse 63<br>04275 Leipzig</a><br><br>Telefon: 0341-6 88 00 22<br>E-name:&nbsp;<a href="http://leipzig@verband-binationaler-de/" rel="noreferrer noopener" target="_blank">leipzig@verband-binationaler-de</a></p>



<hr class="wp-block-separator has-alpha-channel-opacity"/>



<h3 class="wp-block-heading"><strong>Prosedûrên bicîhanînê</strong></h3>



<p>Eger pirsa we ya di derbarê gihîştina malpera me de bi awayekî têrker neyê bersivandin, hûn dikarin bi&nbsp;<strong>Dezgeha Bicîhanînê&nbsp;</strong>dor lêdan:</p>



<p><strong>Navenda Çavdêriya Saksonyayê ji bo Gihîştina Dîjîtal</strong><br>Wezareta Karûbarên Civakî û Yekgirtina Civakî ya Dewleta Saksonê<br>E-name:&nbsp;<a href="mailto:durchsetzungsstelle@sk.sachsen.de">durchsetzungsstelle@sk.sachsen.de</a><br>Tevn:&nbsp;<a href="https://www.durchsetzungsstelle.sachsen.de/" rel="noreferrer noopener" target="_blank">www.durchsetzungsstelle.sachsen.de</a></p>



<hr class="wp-block-separator has-alpha-channel-opacity"/>



<p>Em bi berdewamî hewl didin ku hebûna xwe ya dîjîtal ji her kesî re bigihînin û ji bo bersivên we spas dikin!</p>
<div class="gsp_post_data" 
	            data-post_type="page" 
	            data-cat="" 
	            data-modified="120"
	            data-created="1750852070"
	            data-title="Barrierefreiheitserklärung" 
	            data-home="https://info-to-go.binational-leipzig.de/ku"></div>

<p>Erklärung zur Barrierefreiheit Verband binationaler Familien und Partnerschaften, iaf e.V. Geschäfts- und Beratungsstelle Leipzig&nbsp;ist bestrebt, ihre Website in Übereinstimmung mit den gesetzlichen Vorgaben zur Barrierefreiheit nutzbar zu machen. Diese Erklärung zur Barrierefreiheit gilt für die Website&nbsp;binational-leipzig.de Stand der Vereinbarkeit mit den Anforderungen Diese Website ist&nbsp;teilweise&nbsp;mit den Anforderungen der&nbsp;Barrierefreie-Informationstechnik-Verordnung (BITV 2.0) sowie der EU-Richtlinie 2016/2102&nbsp;vereinbar. Wir [&hellip;]</p>
