{"id":399,"date":"2024-01-17T12:08:03","date_gmt":"2024-01-17T11:08:03","guid":{"rendered":"https:\/\/info-to-go.binational-leipzig.de\/?page_id=399"},"modified":"2024-07-31T12:56:05","modified_gmt":"2024-07-31T10:56:05","slug":"impressum","status":"publish","type":"page","link":"https:\/\/info-to-go.binational-leipzig.de\/pl\/impressum\/","title":{"rendered":"Nadruk"},"content":{"rendered":"<p><strong>Informacje zgodnie z \u00a7 5 TMG<\/strong><\/p>\n\n\n\n<p>Stowarzyszenie Rodzin i Partnerstw Dwunarodowych, iaf eV<br>Ludolfusstra\u00dfe 2 \u2013 4<br>60487 Frankfurt nad Menem<\/p>\n\n\n\n<p><strong>Reprezentowany przez<\/strong><\/p>\n\n\n\n<p>Asiye Bal\u0131k\u00e7\u0131-Schmidt, Natalia Bugaj-Wolfram<\/p>\n\n\n\n<p>Przedstawiciel specjalny zgodnie z \u00a7 30 BGB: NN<\/p>\n\n\n\n<p>S\u0105d rejestrowy:<\/p>\n\n\n\n<p>S\u0105d Rejonowy we Frankfurcie nad Menem Numer rejestracyjny stowarzyszenia: VR 6728<\/p>\n\n\n\n<p>Urz\u0105d Skarbowy Frankfurt V Numer identyfikacji podatkowej 014 250 63357<\/p>\n\n\n\n<p><strong>kontakt<\/strong><\/p>\n\n\n\n<p>Telefon: +49 (0) 69 713 756 \u2013 0<br>Faks: +49 (0) 69 707 50 92<br>Adres e-mail: info@verband-binationaler.de<\/p>\n\n\n\n<p><strong>Wpis do rejestru<\/strong><\/p>\n\n\n\n<p>Rejestracja w rejestrze stowarzysze\u0144.<br>S\u0105d rejestrowy: S\u0105d Rejonowy we Frankfurcie nad Menem<br>Numer rejestracyjny: VR 6728<\/p>\n\n\n\n<p><strong>KAD\u0179<\/strong><\/p>\n\n\n\n<p>Numer identyfikacyjny VAT zgodnie z art. 27a ustawy o VAT:<br>DE114234727<\/p>\n\n\n\n<p><strong>Rozwi\u0105zywanie spor\u00f3w<\/strong><\/p>\n\n\n\n<p>Nie mamy zamiaru ani obowi\u0105zku uczestniczenia w post\u0119powaniu rozstrzygaj\u0105cym spory przed konsumenck\u0105 rad\u0105 arbitra\u017cow\u0105.<\/p>\n\n\n\n<p><strong>\u0179r\u00f3d\u0142a<\/strong><\/p>\n\n\n\n<p>Realizacja techniczna: Stephan Wein i Ahmet Erdem \u015eent\u00fcrk<br>Projekt strony internetowej: Chris Schneider<\/p>\n\n\n\n<p><strong>Zdj\u0119cia<\/strong><\/p>\n\n\n\n<p>\u201eKim jeste\u015bmy\u201d: Mehmet Arbag<\/p>\n\n\n\n<p><strong>Informacja prawna<\/strong><\/p>\n\n\n\n<p>Odpowiedzialno\u015b\u0107 za tre\u015b\u0107<\/p>\n\n\n\n<p>Jako dostawca us\u0142ug jeste\u015bmy odpowiedzialni za w\u0142asne tre\u015bci na tych stronach zgodnie z \u00a7 7 (1) niemieckiej ustawy o mediach elektronicznych (TMG). Zgodnie z \u00a7\u00a7 8\u201310 niemieckiej ustawy o mediach elektronicznych (TMG) my jako dostawcy us\u0142ug nie jeste\u015bmy zobowi\u0105zani do monitorowania przekazywanych lub przechowywanych informacji os\u00f3b trzecich ani do badania okoliczno\u015bci wskazuj\u0105cych na dzia\u0142alno\u015b\u0107 niezgodn\u0105 z prawem.<\/p>\n\n\n\n<p>Obowi\u0105zki dotycz\u0105ce usuwania lub blokowania wykorzystania informacji na mocy przepis\u00f3w prawa powszechnego pozostaj\u0105 nienaruszone. Odpowiedzialno\u015b\u0107 w tym zakresie mo\u017cliwa jest jednak dopiero od momentu powzi\u0119cia wiedzy o konkretnym naruszeniu prawa. Je\u015bli dowiemy si\u0119 o takim naruszeniu prawa, niezw\u0142ocznie usuniemy tak\u0105 tre\u015b\u0107.<\/p>\n\n\n\n<p><strong>Odpowiedzialno\u015b\u0107 za linki<\/strong><\/p>\n\n\n\n<p>Nasza oferta zawiera linki do zewn\u0119trznych stron internetowych os\u00f3b trzecich, na kt\u00f3rych tre\u015b\u0107 nie mamy wp\u0142ywu. W zwi\u0105zku z tym nie mo\u017cemy ponosi\u0107 \u017cadnej odpowiedzialno\u015bci za t\u0119 zewn\u0119trzn\u0105 tre\u015b\u0107. Za tre\u015b\u0107 podlinkowanych stron zawsze odpowiada ich dostawca lub operator. Podlinkowane strony zosta\u0142y sprawdzone pod k\u0105tem ewentualnych narusze\u0144 prawa w momencie ich zamieszczania. W momencie linkowania nie rozpoznano tre\u015bci niezgodnych z prawem.<\/p>\n\n\n\n<p>Jednak\u017ce sta\u0142e monitorowanie tre\u015bci podlinkowanych stron nie jest uzasadnione bez konkretnych dowod\u00f3w naruszenia prawa. Je\u015bli dowiemy si\u0119 o jakimkolwiek naruszeniu prawa, natychmiast usuniemy takie linki.<\/p>\n\n\n\n<p><strong>prawo autorskie<\/strong><\/p>\n\n\n\n<p>Tre\u015bci i dzie\u0142a zamieszczone na tych stronach, stworzone przez operator\u00f3w witryn, podlegaj\u0105 niemieckiemu prawu autorskiemu. Powielanie, przetwarzanie, rozpowszechnianie i wszelkiego rodzaju wykorzystywanie wykraczaj\u0105ce poza granice prawa autorskiego wymaga pisemnej zgody autora lub tw\u00f3rcy. Pobieranie i kopiowanie tej witryny jest dozwolone wy\u0142\u0105cznie do prywatnego, niekomercyjnego u\u017cytku.<\/p>\n\n\n\n<p>W zakresie, w jakim tre\u015bci zawarte na tej stronie nie zosta\u0142y stworzone przez operatora, respektowane s\u0105 prawa autorskie os\u00f3b trzecich. W szczeg\u00f3lno\u015bci tre\u015bci nale\u017c\u0105ce do os\u00f3b trzecich s\u0105 odpowiednio oznaczone. Je\u015bli jednak dowiesz si\u0119 o naruszeniu praw autorskich, prosimy o powiadomienie nas o tym. Je\u015bli dowiemy si\u0119 o jakimkolwiek naruszeniu prawa, natychmiast usuniemy tak\u0105 tre\u015b\u0107.<\/p>\n<div class=\"gsp_post_data\" \r\n\t            data-post_type=\"page\" \r\n\t            data-cat=\"\" \r\n\t            data-modified=\"120\"\r\n\t            data-created=\"1705493283\"\r\n\t            data-title=\"Impressum\" \r\n\t            data-home=\"https:\/\/info-to-go.binational-leipzig.de\/pl\"><\/div>","protected":false},"excerpt":{"rendered":"<p>Angaben gem\u00e4\u00df \u00a7 5 TMG Verband binationaler Familien und Partnerschaften, iaf e.V.Ludolfusstra\u00dfe 2 \u2013 460487 Frankfurt am Main Vertreten durch Asiye Bal\u0131k\u00e7\u0131-Schmidt, Natalia Bugaj-Wolfram Besondere Vertreterin gem. \u00a7 30 BGB: N.N. Registergericht: Amtsgericht Frankfurt am Main&nbsp; Vereins-Registernummer: VR 6728 Finanzamt Frankfurt V \u00a0 Steuernummer 014 250 63357 Kontakt Telefon: +49 (0) 69 713 756 \u2013 [&hellip;]<\/p>\n","protected":false},"author":2,"featured_media":0,"parent":0,"menu_order":0,"comment_status":"closed","ping_status":"closed","template":"","meta":{"footnotes":""},"categories":[],"tags":[],"class_list":["post-399","page","type-page","status-publish","hentry"],"_links":{"self":[{"href":"https:\/\/info-to-go.binational-leipzig.de\/pl\/wp-json\/wp\/v2\/pages\/399","targetHints":{"allow":["GET"]}}],"collection":[{"href":"https:\/\/info-to-go.binational-leipzig.de\/pl\/wp-json\/wp\/v2\/pages"}],"about":[{"href":"https:\/\/info-to-go.binational-leipzig.de\/pl\/wp-json\/wp\/v2\/types\/page"}],"author":[{"embeddable":true,"href":"https:\/\/info-to-go.binational-leipzig.de\/pl\/wp-json\/wp\/v2\/users\/2"}],"replies":[{"embeddable":true,"href":"https:\/\/info-to-go.binational-leipzig.de\/pl\/wp-json\/wp\/v2\/comments?post=399"}],"version-history":[{"count":3,"href":"https:\/\/info-to-go.binational-leipzig.de\/pl\/wp-json\/wp\/v2\/pages\/399\/revisions"}],"predecessor-version":[{"id":481,"href":"https:\/\/info-to-go.binational-leipzig.de\/pl\/wp-json\/wp\/v2\/pages\/399\/revisions\/481"}],"wp:attachment":[{"href":"https:\/\/info-to-go.binational-leipzig.de\/pl\/wp-json\/wp\/v2\/media?parent=399"}],"wp:term":[{"taxonomy":"category","embeddable":true,"href":"https:\/\/info-to-go.binational-leipzig.de\/pl\/wp-json\/wp\/v2\/categories?post=399"},{"taxonomy":"post_tag","embeddable":true,"href":"https:\/\/info-to-go.binational-leipzig.de\/pl\/wp-json\/wp\/v2\/tags?post=399"}],"curies":[{"name":"wp","href":"https:\/\/api.w.org\/{rel}","templated":true}]}}

<p><strong>Informacje zgodnie z § 5 TMG</strong></p>



<p>Stowarzyszenie Rodzin i Partnerstw Dwunarodowych, iaf eV<br>Ludolfusstraße 2 – 4<br>60487 Frankfurt nad Menem</p>



<p><strong>Reprezentowany przez</strong></p>



<p>Asiye Balıkçı-Schmidt, Natalia Bugaj-Wolfram</p>



<p>Przedstawiciel specjalny zgodnie z § 30 BGB: NN</p>



<p>Sąd rejestrowy:</p>



<p>Sąd Rejonowy we Frankfurcie nad Menem Numer rejestracyjny stowarzyszenia: VR 6728</p>



<p>Urząd Skarbowy Frankfurt V Numer identyfikacji podatkowej 014 250 63357</p>



<p><strong>kontakt</strong></p>



<p>Telefon: +49 (0) 69 713 756 – 0<br>Faks: +49 (0) 69 707 50 92<br>Adres e-mail: info@verband-binationaler.de</p>



<p><strong>Wpis do rejestru</strong></p>



<p>Rejestracja w rejestrze stowarzyszeń.<br>Sąd rejestrowy: Sąd Rejonowy we Frankfurcie nad Menem<br>Numer rejestracyjny: VR 6728</p>



<p><strong>KADŹ</strong></p>



<p>Numer identyfikacyjny VAT zgodnie z art. 27a ustawy o VAT:<br>DE114234727</p>



<p><strong>Rozwiązywanie sporów</strong></p>



<p>Nie mamy zamiaru ani obowiązku uczestniczenia w postępowaniu rozstrzygającym spory przed konsumencką radą arbitrażową.</p>



<p><strong>Źródła</strong></p>



<p>Realizacja techniczna: Stephan Wein i Ahmet Erdem Şentürk<br>Projekt strony internetowej: Chris Schneider</p>



<p><strong>Zdjęcia</strong></p>



<p>„Kim jesteśmy”: Mehmet Arbag</p>



<p><strong>Informacja prawna</strong></p>



<p>Odpowiedzialność za treść</p>



<p>Jako dostawca usług jesteśmy odpowiedzialni za własne treści na tych stronach zgodnie z § 7 (1) niemieckiej ustawy o mediach elektronicznych (TMG). Zgodnie z §§ 8–10 niemieckiej ustawy o mediach elektronicznych (TMG) my jako dostawcy usług nie jesteśmy zobowiązani do monitorowania przekazywanych lub przechowywanych informacji osób trzecich ani do badania okoliczności wskazujących na działalność niezgodną z prawem.</p>



<p>Obowiązki dotyczące usuwania lub blokowania wykorzystania informacji na mocy przepisów prawa powszechnego pozostają nienaruszone. Odpowiedzialność w tym zakresie możliwa jest jednak dopiero od momentu powzięcia wiedzy o konkretnym naruszeniu prawa. Jeśli dowiemy się o takim naruszeniu prawa, niezwłocznie usuniemy taką treść.</p>



<p><strong>Odpowiedzialność za linki</strong></p>



<p>Nasza oferta zawiera linki do zewnętrznych stron internetowych osób trzecich, na których treść nie mamy wpływu. W związku z tym nie możemy ponosić żadnej odpowiedzialności za tę zewnętrzną treść. Za treść podlinkowanych stron zawsze odpowiada ich dostawca lub operator. Podlinkowane strony zostały sprawdzone pod kątem ewentualnych naruszeń prawa w momencie ich zamieszczania. W momencie linkowania nie rozpoznano treści niezgodnych z prawem.</p>



<p>Jednakże stałe monitorowanie treści podlinkowanych stron nie jest uzasadnione bez konkretnych dowodów naruszenia prawa. Jeśli dowiemy się o jakimkolwiek naruszeniu prawa, natychmiast usuniemy takie linki.</p>



<p><strong>prawo autorskie</strong></p>



<p>Treści i dzieła zamieszczone na tych stronach, stworzone przez operatorów witryn, podlegają niemieckiemu prawu autorskiemu. Powielanie, przetwarzanie, rozpowszechnianie i wszelkiego rodzaju wykorzystywanie wykraczające poza granice prawa autorskiego wymaga pisemnej zgody autora lub twórcy. Pobieranie i kopiowanie tej witryny jest dozwolone wyłącznie do prywatnego, niekomercyjnego użytku.</p>



<p>W zakresie, w jakim treści zawarte na tej stronie nie zostały stworzone przez operatora, respektowane są prawa autorskie osób trzecich. W szczególności treści należące do osób trzecich są odpowiednio oznaczone. Jeśli jednak dowiesz się o naruszeniu praw autorskich, prosimy o powiadomienie nas o tym. Jeśli dowiemy się o jakimkolwiek naruszeniu prawa, natychmiast usuniemy taką treść.</p>
<div class="gsp_post_data" 
	            data-post_type="page" 
	            data-cat="" 
	            data-modified="120"
	            data-created="1705493283"
	            data-title="Impressum" 
	            data-home="https://info-to-go.binational-leipzig.de/pl"></div>

<p>Angaben gemäß § 5 TMG Verband binationaler Familien und Partnerschaften, iaf e.V.Ludolfusstraße 2 – 460487 Frankfurt am Main Vertreten durch Asiye Balıkçı-Schmidt, Natalia Bugaj-Wolfram Besondere Vertreterin gem. § 30 BGB: N.N. Registergericht: Amtsgericht Frankfurt am Main&nbsp; Vereins-Registernummer: VR 6728 Finanzamt Frankfurt V   Steuernummer 014 250 63357 Kontakt Telefon: +49 (0) 69 713 756 – [&hellip;]</p>
